{"id":97,"date":"2025-06-29T07:34:27","date_gmt":"2025-06-29T05:34:27","guid":{"rendered":"https:\/\/govegan.food\/?post_type=product&#038;p=97"},"modified":"2026-03-28T13:15:40","modified_gmt":"2026-03-28T16:15:40","slug":"sandwich-de-milanesa-vegano","status":"publish","type":"product","link":"https:\/\/govegan.food\/index.php\/producto\/sandwich-de-milanesa-vegano\/","title":{"rendered":"S\u00e1ndwich de milanesa vegano"},"content":{"rendered":"<blockquote><p>S\u00e1ndwich de milanesa vegano elaborados con harina de soja tostada org\u00e1nica.<br \/>\nUna opci\u00f3n 100% Basada en plantas.<\/p><\/blockquote>\n","protected":false},"excerpt":{"rendered":"<p>Vienen con lechuga tomate y veganesa<br \/>\n<img decoding=\"async\" class=\"alignnone wp-image-2470\" src=\"https:\/\/govegan.food\/wp-content\/uploads\/2026\/02\/Icono-Delivery-300x300.png\" alt=\"\" width=\"26\" height=\"26\" srcset=\"https:\/\/govegan.food\/wp-content\/uploads\/2026\/02\/Icono-Delivery-300x300.png 300w, https:\/\/govegan.food\/wp-content\/uploads\/2026\/02\/Icono-Delivery-150x150.png 150w, https:\/\/govegan.food\/wp-content\/uploads\/2026\/02\/Icono-Delivery-768x768.png 768w, https:\/\/govegan.food\/wp-content\/uploads\/2026\/02\/Icono-Delivery-508x508.png 508w, https:\/\/govegan.food\/wp-content\/uploads\/2026\/02\/Icono-Delivery-50x50.png 50w, https:\/\/govegan.food\/wp-content\/uploads\/2026\/02\/Icono-Delivery-100x100.png 100w, https:\/\/govegan.food\/wp-content\/uploads\/2026\/02\/Icono-Delivery-600x600.png 600w, https:\/\/govegan.food\/wp-content\/uploads\/2026\/02\/Icono-Delivery.png 1024w\" sizes=\"(min-width: 960px) 75vw, 100vw\" \/>Superando $10000 env\u00edo SIN CARGO.<\/p>\n","protected":false},"featured_media":236,"comment_status":"open","ping_status":"closed","template":"","meta":[],"product_brand":[],"product_cat":[15],"product_tag":[],"class_list":{"0":"post-97","1":"product","2":"type-product","3":"status-publish","4":"has-post-thumbnail","6":"product_cat-sandwiches","8":"first","9":"instock","10":"shipping-taxable","11":"purchasable","12":"product-type-simple"},"jetpack_sharing_enabled":true,"_links":{"self":[{"href":"https:\/\/govegan.food\/index.php\/wp-json\/wp\/v2\/product\/97","targetHints":{"allow":["GET"]}}],"collection":[{"href":"https:\/\/govegan.food\/index.php\/wp-json\/wp\/v2\/product"}],"about":[{"href":"https:\/\/govegan.food\/index.php\/wp-json\/wp\/v2\/types\/product"}],"replies":[{"embeddable":true,"href":"https:\/\/govegan.food\/index.php\/wp-json\/wp\/v2\/comments?post=97"}],"wp:featuredmedia":[{"embeddable":true,"href":"https:\/\/govegan.food\/index.php\/wp-json\/wp\/v2\/media\/236"}],"wp:attachment":[{"href":"https:\/\/govegan.food\/index.php\/wp-json\/wp\/v2\/media?parent=97"}],"wp:term":[{"taxonomy":"product_brand","embeddable":true,"href":"https:\/\/govegan.food\/index.php\/wp-json\/wp\/v2\/product_brand?post=97"},{"taxonomy":"product_cat","embeddable":true,"href":"https:\/\/govegan.food\/index.php\/wp-json\/wp\/v2\/product_cat?post=97"},{"taxonomy":"product_tag","embeddable":true,"href":"https:\/\/govegan.food\/index.php\/wp-json\/wp\/v2\/product_tag?post=97"}],"curies":[{"name":"wp","href":"https:\/\/api.w.org\/{rel}","templated":true}]}}